mber?
True
Suppose -15 = 3*q + 5*u, 0 = 4*u - 5 + 17. Suppose 5*c + k = c + 11404, q = -5*k. Is c a composite number?
False
Let j(q) be the third derivative of 917*q**4/12 - 253*q**3/6 + 17*q**2 - 2. Is j(14) a composite number?
False
Let y be (1 + (-4)/(-12))/((-1)/(-3)). Suppose -3*p - m = -4*m - 123, 128 = 3*p - y*m. Suppose -3335 = -41*h + p*h. Is h prime?
False
Suppose 0 = -4*i + 4*o - 7*o + 2452, -3*o = 3*i - 1839. Is i a composite number?
False
Let q(p) = -31*p + 2*p + 10*p**2 - 5*p + 13 - 56. Is q(-30) a composite number?
True
Let d(h) = 3*h**3 + 8*h**2 + 20*h - 16. Let v = 527 - 518. Is d(v) prime?
True
Suppose 5*b + 49 = 3*z, b = 5*z + 3 - 26. Is -7 - b - 5/((-10)/15632) a composite number?
False
Let w(s) = 9*s**2 - 8*s + 18. Let h be w(4). Suppose -h - 50 = -4*m. Let i = 280 - m. Is i a composite number?
True
Let a(y) be the first derivative of -15*y**4/4 - y**3 + 2*y**2 + 5*y + 216. Is a(-9) a composite number?
True
Suppose -5*o - 4212108 = 7*x - 13*x, -3*x + 2106045 = -o. Is x composite?
True
Let p(u) = -17*u - 10*u + 0 + 9*u + 918*u**2 - 151*u**2 - 39. Is p(-2) composite?
True
Let r be 1/2*((0 - 1) + 3). Let v be ((-10)/4)/(1/2 - r). Suppose 0 = v*k - 1827 - 2068. Is k a prime number?
False
Suppose -30 = -5*v + 65. Suppose 37590 = v*g - 14337. Is g composite?
True
Suppose -6*h + 8*h = 5*y + 44494, 3*h - 3*y - 66741 = 0. Is h composite?
False
Let r(w) = 11873*w + 2217. Is r(28) a prime number?
True
Let r(g) = -56*g + g**2 - 18 - 15 + 40*g. Let k be r(18). Suppose -k*n = 3*n - 1758. Is n a prime number?
True
Suppose 0 = 5*b + 211 - 241. Suppose 5*w + 1667 = g, b*g + 5*w = g + 8275. Is g a prime number?
True
Let b(m) = 114*m**2 + 35*m + 645. Is b(-28) prime?
True
Let b(l) = -119*l + 2. Let n be b(2). Let h = n + 437. Is h a composite number?
True
Let k(w) = -w**2 - 21*w + 24. Let n be k(-22). Suppose 4489 = -13*g + 14*g + 4*u, -n*g = -3*u - 9000. Is g a prime number?
False
Let s(p) = -5199*p - 184. Let i(o) = -1733*o - 61. Let d(t) = 7*i(t) - 2*s(t). Is d(-2) composite?
False
Suppose -12*t = 1959 - 87. Let g be t/(-15) + (-8)/20 - -2. Suppose -3*k - g*k + 6735 = 0. Is k a composite number?
False
Let v = -9087 + 23198. Is v prime?
False
Let w = 94390 - -132301. Is w a composite number?
False
Is (-1141168)/(-20) + 105/175 a composite number?
False
Let z(d) = 71634*d**2 - 4*d + 3. Is z(1) prime?
True
Let l(s) = 2 + 0 + 721*s + 9 - 2. Let p be l(2). Suppose 0 = 3*w - 5570 + p. Is w composite?
False
Suppose 4*p - 158*b = -156*b + 393954, 2*b + 98481 = p. Is p a prime number?
True
Let c be 3 + -1241 + (-12)/(-4). Let u(g) = -85*g**2 - 3*g + 6. Let s be u(3). Let t = s - c. Is t composite?
False
Suppose -6821 = 5*o - 7*w + 3*w, 5*o + 3*w = -6793. Let q = -726 - o. Is q composite?
True
Let a = -44 - -49. Suppose 5*h + a = 5. Suppose h = -16*g + 14*g + 1778. Is g a prime number?
False
Suppose 1109611 = 3*x + 4*i, -83*i + 81*i = 3*x - 1109621. Is x prime?
True
Suppose -8*b + 80616 = 4*b. Let h = -4385 + b. Is h a prime number?
True
Suppose -g + 4 = 2*l - 1, -2*l = 4. Let c = g + -4. Let i(z) = 210*z + 5. Is i(c) a composite number?
True
Let h = -8856 + 13494. Suppose -g + 4*g = 21. Suppose -g*u + 2047 = -h. Is u a prime number?
False
Suppose 0 = g + v - 168616, 0 = -9*g + 4*v - 248656 + 1766213. Is g a composite number?
False
Let k(a) be the first derivative of -121*a**2 - a + 2. Let d(i) = -i + 21. Let r be d(25). Is k(r) a prime number?
True
Suppose 194*v - 824712 = 138*v. Is v a prime number?
False
Let q(g) = -990*g + 1369. Is q(-39) composite?
False
Let r(k) = -7*k + 21. Let l(p) = p**3 + 16*p**2 - 16*p + 22. Let h be l(-17). Let s be r(h). Let i(b) = -b**3 - 13*b**2 + 10*b - 10. Is i(s) composite?
True
Let o be ((-16)/14)/(10/(-70)). Is (-262278)/(-30) - o/(-20) prime?
False
Suppose -2*p = 7*v - 623983, 3*v - 117542 = p + 149883. Is v a composite number?
True
Let j(a) = -4*a + 3979 + 4*a + 2*a. Let t be j(0). Suppose -4*b + 7945 = 3*v, 5*v = b + b - t. Is b composite?
False
Suppose 4*c - 12 = 68. Is ((-425925)/12)/(-9) + (-15)/c a prime number?
True
Let j be (-2 - 483)*(-5 + -9). Suppose -j = 15*t - 262405. Is t a prime number?
True
Let k(h) = h**3 + 8*h**2 - 12*h + 5. Let f be k(-9). Let p be (1/1*1)/((-8)/f). Is 28/1 - 2/(p/6) composite?
False
Let z = -198 + 195. Let d(h) = 378*h**2 + 5*h + 20. Is d(z) prime?
True
Let k be (124/(-10))/((-66)/825). Let s be 7/(-2)*(-2 - 12). Suppose 4*v - k = s. Is v a prime number?
False
Suppose -5*t - v - v = -118615, 118615 = 5*t - 5*v. Is t a composite number?
True
Let i = 60259 - 17402. Is i prime?
False
Let y(b) = -4*b**2 + 3. Let p(x) = x**2 + x - 1. Let k(g) = 5*p(g) + y(g). Let h be k(-6). Suppose 0 = -2*w + 2*i + 352, -3 = -h*i + 5. Is w a composite number?
True
Suppose a + 14684 = l - 2470, 5*l = -5*a + 85820. Is l a prime number?
True
Let f(c) = -2998*c + 2283. Is f(-86) composite?
False
Suppose -36 = -27*y + 99. Suppose 5*p + 4841 = 2*u + 30086, -y*u + 15178 = 3*p. Is p prime?
True
Suppose -1067959 = -8*l - 5*l - 46*l. Is l a composite number?
True
Suppose 0 = -q - 2*r + 4945, -q + 4948 = r - 2*r. Suppose 5*l = -3*x + 3*l + q, 5*l - 3298 = -2*x. Is x prime?
False
Let z(b) = -6*b**2 + 129*b + 6. Let a be z(20). Is 285003*(a/(-27) - -7) a composite number?
False
Let q(l) = 3374*l - 125. Let v(s) = s**2 + 31*s - 57. Let j be v(-33). Is q(j) composite?
False
Let b(a) = -a**3 - a**2 - 2*a + 3394. Let r be b(0). Let s = 5897 - r. Is s a composite number?
False
Suppose -3 + 5 = z. Suppose -z*r = -5*f + f + 12330, r + 15414 = 5*f. Is f composite?
False
Let i(g) = -62*g - 2. Let b(z) = -z. Let v be 3*(-4)/(-6)*(-24)/16. Let n(u) = v*b(u) + i(u). Is n(-5) composite?
False
Is ((-1)/5)/((-2)/4)*(3 + 185192) a composite number?
True
Let u(h) = -22*h**3 - 23*h**2 - 9*h - 23. Let a be u(-11). Let t = a - 15240. Is t a composite number?
True
Suppose 4*r - 6 = -2*q, 5*r - 8 = 5*q + 7. Suppose 18081 = r*n - 2137. Is n a prime number?
False
Is -4996*(-3 - (-49)/28) composite?
True
Let g(a) = -a**3 + 24*a**2 + 77*a + 14. Let b be g(19). Suppose -4*r + 5*o + b = 0, 4*r - 5*r = 2*o - 814. Is r a prime number?
False
Let v(n) = -2*n**3 + 19*n**2 - 9*n + 1223. Is v(-26) a prime number?
False
Is 406/348*3/1*18982 a prime number?
False
Let t be (-6 - -6) + (-10)/(-2). Let v = 1225 - 577. Suppose -f - v = -3*o, -238 = -3*o + t*f + 398. Is o a prime number?
False
Let s = -26 - -30. Suppose t - 2 = -s, -2*z - t + 4 = 0. Suppose z*i + 5*g = 618, -4*i + 434 = -2*i - 4*g. Is i a prime number?
True
Suppose -2*z - 2*n + 20 = 0, -2*n - 3*n = 3*z - 32. Is 2729/((-8)/(-6) - 3/z) a prime number?
True
Let j be (-524)/44*-46 - (-4)/22. Let l = 771 - j. Is l a prime number?
True
Let y(v) = 6*v**3 + 33*v**2 - 43*v + 133. Is y(14) a prime number?
False
Let j be (-21678492)/(-120) + 2/(-20). Suppose -j = 14*u - 20*u. Is u a prime number?
True
Let j(y) be the second derivative of 51*y**3 + 81*y**2/2 + 35*y - 2. Let u be j(-19). Is u/(-5) + 10/25 a composite number?
True
Suppose 3*i - 1026 - 134462 = -q, 5*i + 4*q - 225825 = 0. Is i composite?
False
Let f(l) = 117*l**2 + l + 25. Let b be f(-6). Suppose -12*i + 1685 + b = 0. Is i a prime number?
False
Let u = 49 - 69. Is (94048/24)/(u/(-15)) composite?
False
Let v be 5/((-15)/213)*(-2)/2. Suppose -w + v = -606. Is w prime?
True
Let m(n) = 1535*n + 171. Let p be m(9). Suppose 4*l = -2*i + 4*i + p, -3*i = -3*l + 10488. Is l a composite number?
True
Suppose 3*b = -4*t - 14, b + 0*b = -2*t - 8. Suppose b*f - 3*f + 20 = 0. Is ((-614)/2)/((-4)/f) prime?
False
Let p(w) = 16*w**3 + 9*w**2 - 27*w + 15. Let n be p(13). Suppose 5*q - 29076 = q + 4*m, 0 = -5*q + 3*m + n. Is q prime?
False
Let l = 197758 - 52713. Is l a composite number?
True
Suppose 104*w + 36 = 107*w. Suppose -w*x = 4011 - 32463. Is x prime?
True
Let y(h) = 119*h + 19. Suppose 0 = 82*j - 89*j + 42. Is y(j) a prime number?
True
Let f(q) = q**3 + 6*q**2 - 7*q + 5. Let p be f(-7). Suppose p*h - 4*c = 4*h + 4088, 3*c + 4084 = h. Suppose -16*i = -20*i + h. Is i composite?
True
Suppose 20*v + 10*v - 37*v + 1331533 = 0. Is v a composite number?
True
Suppose -59*k = -19*k - 1435480. Is k a composite number?
True
Is -1*(90 - 93 - ((-2 - -4) + 103424)) composite?
True
Suppose 0*s + s + 39 = 3*t, 5*s + 213 = -3*t. Is (96/s - -2)*-2723 a 